{"id":1409,"date":"2024-09-25T19:18:57","date_gmt":"2024-09-25T19:18:57","guid":{"rendered":"http:\/\/raizespentecostais.com.br\/?page_id=1409"},"modified":"2025-10-22T17:25:28","modified_gmt":"2025-10-22T17:25:28","slug":"hermeneutica-e-exegese","status":"publish","type":"page","link":"https:\/\/raizespentecostais.com.br\/index.php\/hermeneutica-e-exegese\/","title":{"rendered":"Hermen\u00eautica e Exegese"},"content":{"rendered":"\t\t<div data-elementor-type=\"wp-page\" data-elementor-id=\"1409\" class=\"elementor elementor-1409\">\n\t\t\t\t<div class=\"elementor-element elementor-element-95aa173 e-flex e-con-boxed e-con e-parent\" data-id=\"95aa173\" data-element_type=\"container\" data-e-type=\"container\" data-settings=\"{&quot;background_background&quot;:&quot;classic&quot;}\">\n\t\t\t\t\t<div class=\"e-con-inner\">\n\t\t\t\t<div class=\"elementor-element elementor-element-0f3f489 elementor-widget elementor-widget-page-title\" data-id=\"0f3f489\" data-element_type=\"widget\" data-e-type=\"widget\" data-settings=\"{&quot;align&quot;:&quot;center&quot;}\" data-widget_type=\"page-title.default\">\n\t\t\t\t<div class=\"elementor-widget-container\">\n\t\t\t\t\t\t\t\n\t\t<div class=\"hfe-page-title hfe-page-title-wrapper elementor-widget-heading\">\n\n\t\t\t\t\t\t\t\t<h2 class=\"elementor-heading-title elementor-size-default\">\n\t\t\t\t\t\t\t\t\n\t\t\t\t\t\t\t\t\tCategoria:\t\t\t\t\tHermen\u00eautica e Exegese  \n\t\t\t<\/h2 > \n\t\t\t\t\t<\/div>\n\t\t\t\t\t\t<\/div>\n\t\t\t\t<\/div>\n\t\t\t\t<div class=\"elementor-element elementor-element-0245078 elementor-widget-divider--view-line_icon elementor-view-default elementor-widget-divider--element-align-center elementor-widget elementor-widget-divider\" data-id=\"0245078\" data-element_type=\"widget\" data-e-type=\"widget\" data-widget_type=\"divider.default\">\n\t\t\t\t<div class=\"elementor-widget-container\">\n\t\t\t\t\t\t\t<div class=\"elementor-divider\">\n\t\t\t<span class=\"elementor-divider-separator\">\n\t\t\t\t\t\t\t<div class=\"elementor-icon elementor-divider__element\">\n\t\t\t\t\t<i aria-hidden=\"true\" class=\"icon icon-folder\"><\/i><\/div>\n\t\t\t\t\t\t<\/span>\n\t\t<\/div>\n\t\t\t\t\t\t<\/div>\n\t\t\t\t<\/div>\n\t\t\t\t\t<\/div>\n\t\t\t\t<\/div>\n\t\t<div class=\"elementor-element elementor-element-b81d21e e-flex e-con-boxed e-con e-parent\" data-id=\"b81d21e\" data-element_type=\"container\" data-e-type=\"container\">\n\t\t\t\t\t<div class=\"e-con-inner\">\n\t\t\t\t<div class=\"elementor-element elementor-element-11e14d7 elementor-grid-eael-col-3 elementor-grid-tablet-eael-col-3 elementor-grid-mobile-eael-col-1 elementor-widget elementor-widget-eael-post-grid\" data-id=\"11e14d7\" data-element_type=\"widget\" data-e-type=\"widget\" data-settings=\"{&quot;eael_post_grid_columns&quot;:&quot;eael-col-3&quot;,&quot;eael_post_grid_columns_tablet&quot;:&quot;eael-col-3&quot;,&quot;eael_post_grid_columns_mobile&quot;:&quot;eael-col-1&quot;}\" data-widget_type=\"eael-post-grid.default\">\n\t\t\t\t<div class=\"elementor-widget-container\">\n\t\t\t\t\t<div id=\"eael-post-grid-11e14d7\" class=\"eael-post-grid-container\">\n            <div class=\"eael-post-grid eael-post-appender eael-post-appender-11e14d7 eael-post-grid-style-one\" data-layout-mode=\"masonry\"><article class=\"eael-grid-post  eael-post-grid-column eael-pg-post-2678 category-biblia-hermeneutica-e-exegese-educacao-hermeneutica\" data-id=\"2678\">\n        <div class=\"eael-grid-post-holder\">\n            <div class=\"eael-grid-post-holder-inner\"><div class=\"eael-entry-media\"><div class=\"eael-entry-overlay fade-in\"><i class=\"fas fa-external-link-alt\" aria-hidden=\"true\"><\/i><a href=\"https:\/\/raizespentecostais.com.br\/index.php\/como-a-eetad-ensina-a-pensar-biblicamente\/\"><\/a><\/div><div class=\"eael-entry-thumbnail \">\n                <img fetchpriority=\"high\" decoding=\"async\" width=\"300\" height=\"198\" src=\"https:\/\/raizespentecostais.com.br\/wp-content\/uploads\/2025\/05\/bible-biblia-book-1112048-300x198.png\" class=\"attachment-medium size-medium wp-image-2679\" alt=\"\" srcset=\"https:\/\/raizespentecostais.com.br\/wp-content\/uploads\/2025\/05\/bible-biblia-book-1112048-300x198.png 300w, https:\/\/raizespentecostais.com.br\/wp-content\/uploads\/2025\/05\/bible-biblia-book-1112048-1024x677.png 1024w, https:\/\/raizespentecostais.com.br\/wp-content\/uploads\/2025\/05\/bible-biblia-book-1112048-768x508.png 768w, https:\/\/raizespentecostais.com.br\/wp-content\/uploads\/2025\/05\/bible-biblia-book-1112048-1536x1015.png 1536w, https:\/\/raizespentecostais.com.br\/wp-content\/uploads\/2025\/05\/bible-biblia-book-1112048-2048x1354.png 2048w\" sizes=\"(max-width: 300px) 100vw, 300px\" \/>\n            <\/div>\n        <\/div><div class=\"eael-entry-wrapper\"><header class=\"eael-entry-header\"><h2 class=\"eael-entry-title\"><a class=\"eael-grid-post-link\" href=\"https:\/\/raizespentecostais.com.br\/index.php\/como-a-eetad-ensina-a-pensar-biblicamente\/\" title=\"Como a EETAD ensina a pensar biblicamente\">Como a EETAD ensina a pensar biblicamente<\/a><\/h2><\/header><div class=\"eael-entry-content\">\n                        <div class=\"eael-grid-post-excerpt\"><p>Por Pr. Alex Esteves Professor da EETAD e autor das Edi\u00e7\u00f5es Bernhard Johnson Neste per\u00edodo de comemora\u00e7\u00e3o por seus 45...<\/p><a href=\"https:\/\/raizespentecostais.com.br\/index.php\/como-a-eetad-ensina-a-pensar-biblicamente\/\" class=\"eael-post-elements-readmore-btn\">Leia Mais<\/a><\/div>\n                    <\/div><\/div><\/div>\n        <\/div>\n    <\/article><article class=\"eael-grid-post  eael-post-grid-column eael-pg-post-2340 category-destaque-categorias-hermeneutica\" data-id=\"2340\">\n        <div class=\"eael-grid-post-holder\">\n            <div class=\"eael-grid-post-holder-inner\"><div class=\"eael-entry-media\"><div class=\"eael-entry-overlay fade-in\"><i class=\"fas fa-external-link-alt\" aria-hidden=\"true\"><\/i><a href=\"https:\/\/raizespentecostais.com.br\/index.php\/o-salmo-da-palavra\/\"><\/a><\/div><div class=\"eael-entry-thumbnail \">\n                <img decoding=\"async\" width=\"300\" height=\"200\" src=\"https:\/\/raizespentecostais.com.br\/wp-content\/uploads\/2025\/04\/pergaminhos-antigos-mapa-envelhecido-rasgado-gerar-ai-300x200.jpeg\" class=\"attachment-medium size-medium wp-image-2358\" alt=\"\" srcset=\"https:\/\/raizespentecostais.com.br\/wp-content\/uploads\/2025\/04\/pergaminhos-antigos-mapa-envelhecido-rasgado-gerar-ai-300x200.jpeg 300w, https:\/\/raizespentecostais.com.br\/wp-content\/uploads\/2025\/04\/pergaminhos-antigos-mapa-envelhecido-rasgado-gerar-ai-1024x683.jpeg 1024w, https:\/\/raizespentecostais.com.br\/wp-content\/uploads\/2025\/04\/pergaminhos-antigos-mapa-envelhecido-rasgado-gerar-ai-768x512.jpeg 768w, https:\/\/raizespentecostais.com.br\/wp-content\/uploads\/2025\/04\/pergaminhos-antigos-mapa-envelhecido-rasgado-gerar-ai-1536x1024.jpeg 1536w, https:\/\/raizespentecostais.com.br\/wp-content\/uploads\/2025\/04\/pergaminhos-antigos-mapa-envelhecido-rasgado-gerar-ai-2048x1365.jpeg 2048w\" sizes=\"(max-width: 300px) 100vw, 300px\" \/>\n            <\/div>\n        <\/div><div class=\"eael-entry-wrapper\"><header class=\"eael-entry-header\"><h2 class=\"eael-entry-title\"><a class=\"eael-grid-post-link\" href=\"https:\/\/raizespentecostais.com.br\/index.php\/o-salmo-da-palavra\/\" title=\"O Salmo da Palavra\">O Salmo da Palavra<\/a><\/h2><\/header><div class=\"eael-entry-content\">\n                        <div class=\"eael-grid-post-excerpt\"><p>Por Pr. Alex Esteves Professor da EETAD e autor das Edi\u00e7\u00f5es Bernhard Johnson Soberana e altissonantemente, a Palavra de Deus...<\/p><a href=\"https:\/\/raizespentecostais.com.br\/index.php\/o-salmo-da-palavra\/\" class=\"eael-post-elements-readmore-btn\">Leia Mais<\/a><\/div>\n                    <\/div><\/div><\/div>\n        <\/div>\n    <\/article><article class=\"eael-grid-post  eael-post-grid-column eael-pg-post-2167 category-destaque-biblia-hermeneutica-e-exegese-espirito-santo-hermeneutica\" data-id=\"2167\">\n        <div class=\"eael-grid-post-holder\">\n            <div class=\"eael-grid-post-holder-inner\"><div class=\"eael-entry-media\"><div class=\"eael-entry-overlay fade-in\"><i class=\"fas fa-external-link-alt\" aria-hidden=\"true\"><\/i><a href=\"https:\/\/raizespentecostais.com.br\/index.php\/quando-os-crentes-foram-cheios-pelo-espirito-santo\/\"><\/a><\/div><div class=\"eael-entry-thumbnail \">\n                <img decoding=\"async\" width=\"300\" height=\"200\" src=\"https:\/\/raizespentecostais.com.br\/wp-content\/uploads\/2024\/12\/AdobeStock_182087543-Dove-flying-from-Bible-de-Kevin-Carden-300x200.jpeg\" class=\"attachment-medium size-medium wp-image-2168\" alt=\"\" srcset=\"https:\/\/raizespentecostais.com.br\/wp-content\/uploads\/2024\/12\/AdobeStock_182087543-Dove-flying-from-Bible-de-Kevin-Carden-300x200.jpeg 300w, https:\/\/raizespentecostais.com.br\/wp-content\/uploads\/2024\/12\/AdobeStock_182087543-Dove-flying-from-Bible-de-Kevin-Carden-1024x683.jpeg 1024w, https:\/\/raizespentecostais.com.br\/wp-content\/uploads\/2024\/12\/AdobeStock_182087543-Dove-flying-from-Bible-de-Kevin-Carden-768x512.jpeg 768w, https:\/\/raizespentecostais.com.br\/wp-content\/uploads\/2024\/12\/AdobeStock_182087543-Dove-flying-from-Bible-de-Kevin-Carden-1536x1024.jpeg 1536w, https:\/\/raizespentecostais.com.br\/wp-content\/uploads\/2024\/12\/AdobeStock_182087543-Dove-flying-from-Bible-de-Kevin-Carden-2048x1365.jpeg 2048w\" sizes=\"(max-width: 300px) 100vw, 300px\" \/>\n            <\/div>\n        <\/div><div class=\"eael-entry-wrapper\"><header class=\"eael-entry-header\"><h2 class=\"eael-entry-title\"><a class=\"eael-grid-post-link\" href=\"https:\/\/raizespentecostais.com.br\/index.php\/quando-os-crentes-foram-cheios-pelo-espirito-santo\/\" title=\"Quando os crentes foram cheios pelo Esp\u00edrito Santo\">Quando os crentes foram cheios pelo Esp\u00edrito Santo<\/a><\/h2><\/header><div class=\"eael-entry-content\">\n                        <div class=\"eael-grid-post-excerpt\"><p>Por Pr. George O. Wood Autor da EETAD. Superintendente Geral do Conselho Geral das Assembleias de Deus nos Estados Unidos...<\/p><a href=\"https:\/\/raizespentecostais.com.br\/index.php\/quando-os-crentes-foram-cheios-pelo-espirito-santo\/\" class=\"eael-post-elements-readmore-btn\">Leia Mais<\/a><\/div>\n                    <\/div><\/div><\/div>\n        <\/div>\n    <\/article><\/div>\n            <div class=\"clearfix\"><\/div>\n        <\/div>\t\t\t\t<\/div>\n\t\t\t\t<\/div>\n\t\t\t\t\t<\/div>\n\t\t\t\t<\/div>\n\t\t\t\t<\/div>\n\t\t","protected":false},"excerpt":{"rendered":"<p>Categoria: Hermen\u00eautica e Exegese Como a EETAD ensina a pensar biblicamente Por Pr. Alex Esteves Professor da EETAD e autor [&hellip;]<\/p>\n","protected":false},"author":1,"featured_media":0,"parent":0,"menu_order":0,"comment_status":"closed","ping_status":"closed","template":"","meta":{"site-sidebar-layout":"default","site-content-layout":"","ast-site-content-layout":"default","site-content-style":"default","site-sidebar-style":"default","ast-global-header-display":"","ast-banner-title-visibility":"","ast-main-header-display":"","ast-hfb-above-header-display":"","ast-hfb-below-header-display":"","ast-hfb-mobile-header-display":"","site-post-title":"disabled","ast-breadcrumbs-content":"","ast-featured-img":"","footer-sml-layout":"","theme-transparent-header-meta":"","adv-header-id-meta":"","stick-header-meta":"","header-above-stick-meta":"","header-main-stick-meta":"","header-below-stick-meta":"","astra-migrate-meta-layouts":"default","ast-page-background-enabled":"default","ast-page-background-meta":{"desktop":{"background-color":"var(--ast-global-color-5)","background-image":"","background-repeat":"repeat","background-position":"center center","background-size":"auto","background-attachment":"scroll","background-type":"","background-media":"","overlay-type":"","overlay-color":"","overlay-opacity":"","overlay-gradient":""},"tablet":{"background-color":"","background-image":"","background-repeat":"repeat","background-position":"center center","background-size":"auto","background-attachment":"scroll","background-type":"","background-media":"","overlay-type":"","overlay-color":"","overlay-opacity":"","overlay-gradient":""},"mobile":{"background-color":"","background-image":"","background-repeat":"repeat","background-position":"center center","background-size":"auto","background-attachment":"scroll","background-type":"","background-media":"","overlay-type":"","overlay-color":"","overlay-opacity":"","overlay-gradient":""}},"ast-content-background-meta":{"desktop":{"background-color":"var(--ast-global-color-4)","background-image":"","background-repeat":"repeat","background-position":"center center","background-size":"auto","background-attachment":"scroll","background-type":"","background-media":"","overlay-type":"","overlay-color":"","overlay-opacity":"","overlay-gradient":""},"tablet":{"background-color":"var(--ast-global-color-4)","background-image":"","background-repeat":"repeat","background-position":"center center","background-size":"auto","background-attachment":"scroll","background-type":"","background-media":"","overlay-type":"","overlay-color":"","overlay-opacity":"","overlay-gradient":""},"mobile":{"background-color":"var(--ast-global-color-4)","background-image":"","background-repeat":"repeat","background-position":"center center","background-size":"auto","background-attachment":"scroll","background-type":"","background-media":"","overlay-type":"","overlay-color":"","overlay-opacity":"","overlay-gradient":""}},"footnotes":""},"class_list":["post-1409","page","type-page","status-publish","hentry"],"_links":{"self":[{"href":"https:\/\/raizespentecostais.com.br\/index.php\/wp-json\/wp\/v2\/pages\/1409","targetHints":{"allow":["GET"]}}],"collection":[{"href":"https:\/\/raizespentecostais.com.br\/index.php\/wp-json\/wp\/v2\/pages"}],"about":[{"href":"https:\/\/raizespentecostais.com.br\/index.php\/wp-json\/wp\/v2\/types\/page"}],"author":[{"embeddable":true,"href":"https:\/\/raizespentecostais.com.br\/index.php\/wp-json\/wp\/v2\/users\/1"}],"replies":[{"embeddable":true,"href":"https:\/\/raizespentecostais.com.br\/index.php\/wp-json\/wp\/v2\/comments?post=1409"}],"version-history":[{"count":12,"href":"https:\/\/raizespentecostais.com.br\/index.php\/wp-json\/wp\/v2\/pages\/1409\/revisions"}],"predecessor-version":[{"id":3438,"href":"https:\/\/raizespentecostais.com.br\/index.php\/wp-json\/wp\/v2\/pages\/1409\/revisions\/3438"}],"wp:attachment":[{"href":"https:\/\/raizespentecostais.com.br\/index.php\/wp-json\/wp\/v2\/media?parent=1409"}],"curies":[{"name":"wp","href":"https:\/\/api.w.org\/{rel}","templated":true}]}}

Hermenêutica e Exegese

<div data-elementor-type="wp-page" data-elementor-id="1409" class="elementor elementor-1409">
				<div class="elementor-element elementor-element-95aa173 e-flex e-con-boxed e-con e-parent" data-id="95aa173" data-element_type="container" data-e-type="container" data-settings="{&quot;background_background&quot;:&quot;classic&quot;}">
					<div class="e-con-inner">
				<div class="elementor-element elementor-element-0f3f489 elementor-widget elementor-widget-page-title" data-id="0f3f489" data-element_type="widget" data-e-type="widget" data-settings="{&quot;align&quot;:&quot;center&quot;}" data-widget_type="page-title.default">
				<div class="elementor-widget-container">
							
		<div class="hfe-page-title hfe-page-title-wrapper elementor-widget-heading">

								<h2 class="elementor-heading-title elementor-size-default">
								
									Categoria:					Hermenêutica e Exegese  
			</h2 > 
					</div>
						</div>
				</div>
				<div class="elementor-element elementor-element-0245078 elementor-widget-divider--view-line_icon elementor-view-default elementor-widget-divider--element-align-center elementor-widget elementor-widget-divider" data-id="0245078" data-element_type="widget" data-e-type="widget" data-widget_type="divider.default">
				<div class="elementor-widget-container">
							<div class="elementor-divider">
			<span class="elementor-divider-separator">
							<div class="elementor-icon elementor-divider__element">
					<i aria-hidden="true" class="icon icon-folder"></i></div>
						</span>
		</div>
						</div>
				</div>
					</div>
				</div>
		<div class="elementor-element elementor-element-b81d21e e-flex e-con-boxed e-con e-parent" data-id="b81d21e" data-element_type="container" data-e-type="container">
					<div class="e-con-inner">
				<div class="elementor-element elementor-element-11e14d7 elementor-grid-eael-col-3 elementor-grid-tablet-eael-col-3 elementor-grid-mobile-eael-col-1 elementor-widget elementor-widget-eael-post-grid" data-id="11e14d7" data-element_type="widget" data-e-type="widget" data-settings="{&quot;eael_post_grid_columns&quot;:&quot;eael-col-3&quot;,&quot;eael_post_grid_columns_tablet&quot;:&quot;eael-col-3&quot;,&quot;eael_post_grid_columns_mobile&quot;:&quot;eael-col-1&quot;}" data-widget_type="eael-post-grid.default">
				<div class="elementor-widget-container">
					<div id="eael-post-grid-11e14d7" class="eael-post-grid-container">
            <div class="eael-post-grid eael-post-appender eael-post-appender-11e14d7 eael-post-grid-style-one" data-layout-mode="masonry"><article class="eael-grid-post  eael-post-grid-column eael-pg-post-2678 category-biblia-hermeneutica-e-exegese-educacao-hermeneutica" data-id="2678">
        <div class="eael-grid-post-holder">
            <div class="eael-grid-post-holder-inner"><div class="eael-entry-media"><div class="eael-entry-overlay fade-in"><i class="fas fa-external-link-alt" aria-hidden="true"></i><a href="https://raizespentecostais.com.br/index.php/como-a-eetad-ensina-a-pensar-biblicamente/"></a></div><div class="eael-entry-thumbnail ">
                <img fetchpriority="high" decoding="async" width="300" height="198" src="https://raizespentecostais.com.br/wp-content/uploads/2025/05/bible-biblia-book-1112048-300x198.png" class="attachment-medium size-medium wp-image-2679" alt="" srcset="https://raizespentecostais.com.br/wp-content/uploads/2025/05/bible-biblia-book-1112048-300x198.png 300w, https://raizespentecostais.com.br/wp-content/uploads/2025/05/bible-biblia-book-1112048-1024x677.png 1024w, https://raizespentecostais.com.br/wp-content/uploads/2025/05/bible-biblia-book-1112048-768x508.png 768w, https://raizespentecostais.com.br/wp-content/uploads/2025/05/bible-biblia-book-1112048-1536x1015.png 1536w, https://raizespentecostais.com.br/wp-content/uploads/2025/05/bible-biblia-book-1112048-2048x1354.png 2048w" sizes="(max-width: 300px) 100vw, 300px" />
            </div>
        </div><div class="eael-entry-wrapper"><header class="eael-entry-header"><h2 class="eael-entry-title"><a class="eael-grid-post-link" href="https://raizespentecostais.com.br/index.php/como-a-eetad-ensina-a-pensar-biblicamente/" title="Como a EETAD ensina a pensar biblicamente">Como a EETAD ensina a pensar biblicamente</a></h2></header><div class="eael-entry-content">
                        <div class="eael-grid-post-excerpt"><p>Por Pr. Alex Esteves Professor da EETAD e autor das Edições Bernhard Johnson Neste período de comemoração por seus 45...</p><a href="https://raizespentecostais.com.br/index.php/como-a-eetad-ensina-a-pensar-biblicamente/" class="eael-post-elements-readmore-btn">Leia Mais</a></div>
                    </div></div></div>
        </div>
    </article><article class="eael-grid-post  eael-post-grid-column eael-pg-post-2340 category-destaque-categorias-hermeneutica" data-id="2340">
        <div class="eael-grid-post-holder">
            <div class="eael-grid-post-holder-inner"><div class="eael-entry-media"><div class="eael-entry-overlay fade-in"><i class="fas fa-external-link-alt" aria-hidden="true"></i><a href="https://raizespentecostais.com.br/index.php/o-salmo-da-palavra/"></a></div><div class="eael-entry-thumbnail ">
                <img decoding="async" width="300" height="200" src="https://raizespentecostais.com.br/wp-content/uploads/2025/04/pergaminhos-antigos-mapa-envelhecido-rasgado-gerar-ai-300x200.jpeg" class="attachment-medium size-medium wp-image-2358" alt="" srcset="https://raizespentecostais.com.br/wp-content/uploads/2025/04/pergaminhos-antigos-mapa-envelhecido-rasgado-gerar-ai-300x200.jpeg 300w, https://raizespentecostais.com.br/wp-content/uploads/2025/04/pergaminhos-antigos-mapa-envelhecido-rasgado-gerar-ai-1024x683.jpeg 1024w, https://raizespentecostais.com.br/wp-content/uploads/2025/04/pergaminhos-antigos-mapa-envelhecido-rasgado-gerar-ai-768x512.jpeg 768w, https://raizespentecostais.com.br/wp-content/uploads/2025/04/pergaminhos-antigos-mapa-envelhecido-rasgado-gerar-ai-1536x1024.jpeg 1536w, https://raizespentecostais.com.br/wp-content/uploads/2025/04/pergaminhos-antigos-mapa-envelhecido-rasgado-gerar-ai-2048x1365.jpeg 2048w" sizes="(max-width: 300px) 100vw, 300px" />
            </div>
        </div><div class="eael-entry-wrapper"><header class="eael-entry-header"><h2 class="eael-entry-title"><a class="eael-grid-post-link" href="https://raizespentecostais.com.br/index.php/o-salmo-da-palavra/" title="O Salmo da Palavra">O Salmo da Palavra</a></h2></header><div class="eael-entry-content">
                        <div class="eael-grid-post-excerpt"><p>Por Pr. Alex Esteves Professor da EETAD e autor das Edições Bernhard Johnson Soberana e altissonantemente, a Palavra de Deus...</p><a href="https://raizespentecostais.com.br/index.php/o-salmo-da-palavra/" class="eael-post-elements-readmore-btn">Leia Mais</a></div>
                    </div></div></div>
        </div>
    </article><article class="eael-grid-post  eael-post-grid-column eael-pg-post-2167 category-destaque-biblia-hermeneutica-e-exegese-espirito-santo-hermeneutica" data-id="2167">
        <div class="eael-grid-post-holder">
            <div class="eael-grid-post-holder-inner"><div class="eael-entry-media"><div class="eael-entry-overlay fade-in"><i class="fas fa-external-link-alt" aria-hidden="true"></i><a href="https://raizespentecostais.com.br/index.php/quando-os-crentes-foram-cheios-pelo-espirito-santo/"></a></div><div class="eael-entry-thumbnail ">
                <img decoding="async" width="300" height="200" src="https://raizespentecostais.com.br/wp-content/uploads/2024/12/AdobeStock_182087543-Dove-flying-from-Bible-de-Kevin-Carden-300x200.jpeg" class="attachment-medium size-medium wp-image-2168" alt="" srcset="https://raizespentecostais.com.br/wp-content/uploads/2024/12/AdobeStock_182087543-Dove-flying-from-Bible-de-Kevin-Carden-300x200.jpeg 300w, https://raizespentecostais.com.br/wp-content/uploads/2024/12/AdobeStock_182087543-Dove-flying-from-Bible-de-Kevin-Carden-1024x683.jpeg 1024w, https://raizespentecostais.com.br/wp-content/uploads/2024/12/AdobeStock_182087543-Dove-flying-from-Bible-de-Kevin-Carden-768x512.jpeg 768w, https://raizespentecostais.com.br/wp-content/uploads/2024/12/AdobeStock_182087543-Dove-flying-from-Bible-de-Kevin-Carden-1536x1024.jpeg 1536w, https://raizespentecostais.com.br/wp-content/uploads/2024/12/AdobeStock_182087543-Dove-flying-from-Bible-de-Kevin-Carden-2048x1365.jpeg 2048w" sizes="(max-width: 300px) 100vw, 300px" />
            </div>
        </div><div class="eael-entry-wrapper"><header class="eael-entry-header"><h2 class="eael-entry-title"><a class="eael-grid-post-link" href="https://raizespentecostais.com.br/index.php/quando-os-crentes-foram-cheios-pelo-espirito-santo/" title="Quando os crentes foram cheios pelo Espírito Santo">Quando os crentes foram cheios pelo Espírito Santo</a></h2></header><div class="eael-entry-content">
                        <div class="eael-grid-post-excerpt"><p>Por Pr. George O. Wood Autor da EETAD. Superintendente Geral do Conselho Geral das Assembleias de Deus nos Estados Unidos...</p><a href="https://raizespentecostais.com.br/index.php/quando-os-crentes-foram-cheios-pelo-espirito-santo/" class="eael-post-elements-readmore-btn">Leia Mais</a></div>
                    </div></div></div>
        </div>
    </article></div>
            <div class="clearfix"></div>
        </div>				</div>
				</div>
					</div>
				</div>
				</div>

<p>Categoria: Hermenêutica e Exegese Como a EETAD ensina a pensar biblicamente Por Pr. Alex Esteves Professor da EETAD e autor [&hellip;]</p>
