{"id":2043,"date":"2024-10-07T13:45:40","date_gmt":"2024-10-07T13:45:40","guid":{"rendered":"http:\/\/raizespentecostais.com.br\/?page_id=2043"},"modified":"2025-10-22T12:53:38","modified_gmt":"2025-10-22T12:53:38","slug":"pr-paul-francis-porta","status":"publish","type":"page","link":"https:\/\/raizespentecostais.com.br\/index.php\/pr-paul-francis-porta\/","title":{"rendered":"Pr. Paul Francis Porta"},"content":{"rendered":"\t\t<div data-elementor-type=\"wp-page\" data-elementor-id=\"2043\" class=\"elementor elementor-2043\">\n\t\t\t\t<div class=\"elementor-element elementor-element-958f865 e-flex e-con-boxed e-con e-parent\" data-id=\"958f865\" data-element_type=\"container\" data-e-type=\"container\">\n\t\t\t\t\t<div class=\"e-con-inner\">\n\t\t\t\t<div class=\"elementor-element elementor-element-b69da5c elementor-widget elementor-widget-elementskit-team\" data-id=\"b69da5c\" data-element_type=\"widget\" data-e-type=\"widget\" data-widget_type=\"elementskit-team.default\">\n\t\t\t\t<div class=\"elementor-widget-container\">\n\t\t\t\t\t<div class=\"ekit-wid-con\">\t\t\t\t\t\t\t\t\n\t\t<div class=\"profile-card elementor-animation- text-center ekit-team-style-default\">\n\t\t\t\n\t\t\t\t<div class=\"profile-header ekit-team-img ekit-img-overlay ekit-team-img-block\" >\n\t\t\t\t\t<img fetchpriority=\"high\" decoding=\"async\" width=\"1024\" height=\"1024\" src=\"https:\/\/raizespentecostais.com.br\/wp-content\/uploads\/2024\/10\/pr-paul-porta-1024x1024.jpg\" class=\"attachment-large size-large wp-image-2061\" alt=\"\" srcset=\"https:\/\/raizespentecostais.com.br\/wp-content\/uploads\/2024\/10\/pr-paul-porta-1024x1024.jpg 1024w, https:\/\/raizespentecostais.com.br\/wp-content\/uploads\/2024\/10\/pr-paul-porta-300x300.jpg 300w, https:\/\/raizespentecostais.com.br\/wp-content\/uploads\/2024\/10\/pr-paul-porta-150x150.jpg 150w, https:\/\/raizespentecostais.com.br\/wp-content\/uploads\/2024\/10\/pr-paul-porta-768x768.jpg 768w, https:\/\/raizespentecostais.com.br\/wp-content\/uploads\/2024\/10\/pr-paul-porta.jpg 1080w\" sizes=\"(max-width: 1024px) 100vw, 1024px\" \/>\t\t\t\t<\/div><!-- .profile-header END -->\n\t\t\t\n\n\t\t\t\t<div class=\"profile-body\">\n\t\t\t\t\t\n\t\t\t\t\t<h2 class=\"profile-title\">\n\t\t\t\t\t\t\t\t\t\t\tPr. Paul Francis Porta\t\t\t\t\t\t\t\t\t\t<\/h2>\n\t\t\t\t\t<p class=\"profile-designation\"><\/p>\n\t\t\t\t\t\t\t\t\t\t<p class=\"profile-content\">Paul Francis Porta \u00e9 Pastor das Assembl\u00e9ias de Deus na Austr\u00e1lia. Sentindo o chamado de Deus para o Brasil, ele e sua esposa Ruth, chegaram ao nosso pa\u00eds em 1984. O Mission\u00e1rio Paul Porta dedicou tr\u00eas d\u00e9cadas ao desenvolvimento da edua\u00e7\u00e3o teol\u00f3gica no Brasil, vindo a atuar como De\u00e3o Acad\u00eamico da FAETAD. Atualmente, ele \u00e9 o Reitor da Faculdade Teol\u00f3gica Monte Tabor, na Austr\u00e1lia, uma das institui\u00e7\u00f5es de ensino b\u00edblico mais relevante da Oceania.<\/p>\n\t\t\t\t\t\t\t\t\t<\/div><!-- .profile-body END -->\n\n\t\t\t\t\t\t\t\t\t<div class=\"profile-footer\">\n\t\t\t\t\t\t<ul class=\"ekit-team-social-list\">\n\t\t\t<li class=\"elementor-repeater-item-7180e99\">\n\t\t\t<a href=\"https:\/\/facebook.com\" aria-label=\"Facebook\">\n\t\t\t\t<i aria-hidden=\"true\" class=\"icon icon-facebook\"><\/i>\t\t\t<\/a>\n\t\t<\/li>\n\t\t\t<li class=\"elementor-repeater-item-43f7970\">\n\t\t\t<a href=\"https:\/\/facebook.com\" aria-label=\"Instagram\">\n\t\t\t\t<i aria-hidden=\"true\" class=\"icon icon-instagram-1\"><\/i>\t\t\t<\/a>\n\t\t<\/li>\n\t<\/ul>\n\t\t\t\t\t<\/div>\n\t\t\t\t\t\t\t\t\t<\/div>\n\t\t\t\t\t\t\t\n\t\t\t\n\t\t\t\t<\/div>\t\t\t\t<\/div>\n\t\t\t\t<\/div>\n\t\t\t\t\t<\/div>\n\t\t\t\t<\/div>\n\t\t<div class=\"elementor-element elementor-element-bd8aabd e-flex e-con-boxed e-con e-parent\" data-id=\"bd8aabd\" data-element_type=\"container\" data-e-type=\"container\">\n\t\t\t\t\t<div class=\"e-con-inner\">\n\t\t\t\t<div class=\"elementor-element elementor-element-d699ac5 elementor-grid-eael-col-3 elementor-grid-tablet-eael-col-3 elementor-grid-mobile-eael-col-1 elementor-widget elementor-widget-eael-post-grid\" data-id=\"d699ac5\" data-element_type=\"widget\" data-e-type=\"widget\" data-settings=\"{&quot;eael_post_grid_columns&quot;:&quot;eael-col-3&quot;,&quot;eael_post_grid_columns_tablet&quot;:&quot;eael-col-3&quot;,&quot;eael_post_grid_columns_mobile&quot;:&quot;eael-col-1&quot;}\" data-widget_type=\"eael-post-grid.default\">\n\t\t\t\t<div class=\"elementor-widget-container\">\n\t\t\t\t\t<div id=\"eael-post-grid-d699ac5\" class=\"eael-post-grid-container\">\n            <div class=\"eael-post-grid eael-post-appender eael-post-appender-d699ac5 eael-post-grid-style-one\" data-layout-mode=\"masonry\"><article class=\"eael-grid-post  eael-post-grid-column eael-pg-post-2012 category-categorias-teologia-doutrinas\" data-id=\"2012\">\n        <div class=\"eael-grid-post-holder\">\n            <div class=\"eael-grid-post-holder-inner\"><div class=\"eael-entry-media\"><div class=\"eael-entry-overlay fade-in\"><i class=\"fas fa-external-link-alt\" aria-hidden=\"true\"><\/i><a href=\"https:\/\/raizespentecostais.com.br\/index.php\/o-que-e-a-igreja\/\"><\/a><\/div><div class=\"eael-entry-thumbnail \">\n                <img decoding=\"async\" width=\"300\" height=\"169\" src=\"https:\/\/raizespentecostais.com.br\/wp-content\/uploads\/2024\/10\/O-que-e-a-igreja-300x169.png\" class=\"attachment-medium size-medium wp-image-3917\" alt=\"\" srcset=\"https:\/\/raizespentecostais.com.br\/wp-content\/uploads\/2024\/10\/O-que-e-a-igreja-300x169.png 300w, https:\/\/raizespentecostais.com.br\/wp-content\/uploads\/2024\/10\/O-que-e-a-igreja-1024x576.png 1024w, https:\/\/raizespentecostais.com.br\/wp-content\/uploads\/2024\/10\/O-que-e-a-igreja-768x432.png 768w, https:\/\/raizespentecostais.com.br\/wp-content\/uploads\/2024\/10\/O-que-e-a-igreja.png 1280w\" sizes=\"(max-width: 300px) 100vw, 300px\" \/>\n            <\/div>\n        <\/div><div class=\"eael-entry-wrapper\"><header class=\"eael-entry-header\"><h2 class=\"eael-entry-title\"><a class=\"eael-grid-post-link\" href=\"https:\/\/raizespentecostais.com.br\/index.php\/o-que-e-a-igreja\/\" title=\"O que \u00e9 a igreja?\">O que \u00e9 a igreja?<\/a><\/h2><\/header><div class=\"eael-entry-content\">\n                        <div class=\"eael-grid-post-excerpt\"><p>Por Pr. Paul Francis Porta Autor da EETAD e Reitor da Universidade Monte Tabor H\u00e1 muitas defini\u00e7\u00f5es da Igreja de...<\/p><a href=\"https:\/\/raizespentecostais.com.br\/index.php\/o-que-e-a-igreja\/\" class=\"eael-post-elements-readmore-btn\">Leia Mais<\/a><\/div>\n                    <\/div><\/div><\/div>\n        <\/div>\n    <\/article><\/div>\n            <div class=\"clearfix\"><\/div>\n        <\/div>\t\t\t\t<\/div>\n\t\t\t\t<\/div>\n\t\t\t\t\t<\/div>\n\t\t\t\t<\/div>\n\t\t\t\t<\/div>\n\t\t","protected":false},"excerpt":{"rendered":"<p>Pr. Paul Francis Porta Paul Francis Porta \u00e9 Pastor das Assembl\u00e9ias de Deus na Austr\u00e1lia. Sentindo o chamado de Deus [&hellip;]<\/p>\n","protected":false},"author":1,"featured_media":0,"parent":0,"menu_order":0,"comment_status":"closed","ping_status":"closed","template":"","meta":{"site-sidebar-layout":"default","site-content-layout":"","ast-site-content-layout":"default","site-content-style":"default","site-sidebar-style":"default","ast-global-header-display":"","ast-banner-title-visibility":"","ast-main-header-display":"","ast-hfb-above-header-display":"","ast-hfb-below-header-display":"","ast-hfb-mobile-header-display":"","site-post-title":"disabled","ast-breadcrumbs-content":"","ast-featured-img":"","footer-sml-layout":"","theme-transparent-header-meta":"","adv-header-id-meta":"","stick-header-meta":"","header-above-stick-meta":"","header-main-stick-meta":"","header-below-stick-meta":"","astra-migrate-meta-layouts":"default","ast-page-background-enabled":"default","ast-page-background-meta":{"desktop":{"background-color":"var(--ast-global-color-5)","background-image":"","background-repeat":"repeat","background-position":"center center","background-size":"auto","background-attachment":"scroll","background-type":"","background-media":"","overlay-type":"","overlay-color":"","overlay-opacity":"","overlay-gradient":""},"tablet":{"background-color":"","background-image":"","background-repeat":"repeat","background-position":"center center","background-size":"auto","background-attachment":"scroll","background-type":"","background-media":"","overlay-type":"","overlay-color":"","overlay-opacity":"","overlay-gradient":""},"mobile":{"background-color":"","background-image":"","background-repeat":"repeat","background-position":"center center","background-size":"auto","background-attachment":"scroll","background-type":"","background-media":"","overlay-type":"","overlay-color":"","overlay-opacity":"","overlay-gradient":""}},"ast-content-background-meta":{"desktop":{"background-color":"var(--ast-global-color-4)","background-image":"","background-repeat":"repeat","background-position":"center center","background-size":"auto","background-attachment":"scroll","background-type":"","background-media":"","overlay-type":"","overlay-color":"","overlay-opacity":"","overlay-gradient":""},"tablet":{"background-color":"var(--ast-global-color-4)","background-image":"","background-repeat":"repeat","background-position":"center center","background-size":"auto","background-attachment":"scroll","background-type":"","background-media":"","overlay-type":"","overlay-color":"","overlay-opacity":"","overlay-gradient":""},"mobile":{"background-color":"var(--ast-global-color-4)","background-image":"","background-repeat":"repeat","background-position":"center center","background-size":"auto","background-attachment":"scroll","background-type":"","background-media":"","overlay-type":"","overlay-color":"","overlay-opacity":"","overlay-gradient":""}},"footnotes":""},"class_list":["post-2043","page","type-page","status-publish","hentry"],"_links":{"self":[{"href":"https:\/\/raizespentecostais.com.br\/index.php\/wp-json\/wp\/v2\/pages\/2043","targetHints":{"allow":["GET"]}}],"collection":[{"href":"https:\/\/raizespentecostais.com.br\/index.php\/wp-json\/wp\/v2\/pages"}],"about":[{"href":"https:\/\/raizespentecostais.com.br\/index.php\/wp-json\/wp\/v2\/types\/page"}],"author":[{"embeddable":true,"href":"https:\/\/raizespentecostais.com.br\/index.php\/wp-json\/wp\/v2\/users\/1"}],"replies":[{"embeddable":true,"href":"https:\/\/raizespentecostais.com.br\/index.php\/wp-json\/wp\/v2\/comments?post=2043"}],"version-history":[{"count":23,"href":"https:\/\/raizespentecostais.com.br\/index.php\/wp-json\/wp\/v2\/pages\/2043\/revisions"}],"predecessor-version":[{"id":3343,"href":"https:\/\/raizespentecostais.com.br\/index.php\/wp-json\/wp\/v2\/pages\/2043\/revisions\/3343"}],"wp:attachment":[{"href":"https:\/\/raizespentecostais.com.br\/index.php\/wp-json\/wp\/v2\/media?parent=2043"}],"curies":[{"name":"wp","href":"https:\/\/api.w.org\/{rel}","templated":true}]}}

<div data-elementor-type="wp-page" data-elementor-id="2043" class="elementor elementor-2043">
				<div class="elementor-element elementor-element-958f865 e-flex e-con-boxed e-con e-parent" data-id="958f865" data-element_type="container" data-e-type="container">
					<div class="e-con-inner">
				<div class="elementor-element elementor-element-b69da5c elementor-widget elementor-widget-elementskit-team" data-id="b69da5c" data-element_type="widget" data-e-type="widget" data-widget_type="elementskit-team.default">
				<div class="elementor-widget-container">
					<div class="ekit-wid-con">								
		<div class="profile-card elementor-animation- text-center ekit-team-style-default">
			
				<div class="profile-header ekit-team-img ekit-img-overlay ekit-team-img-block" >
					<img fetchpriority="high" decoding="async" width="1024" height="1024" src="https://raizespentecostais.com.br/wp-content/uploads/2024/10/pr-paul-porta-1024x1024.jpg" class="attachment-large size-large wp-image-2061" alt="" srcset="https://raizespentecostais.com.br/wp-content/uploads/2024/10/pr-paul-porta-1024x1024.jpg 1024w, https://raizespentecostais.com.br/wp-content/uploads/2024/10/pr-paul-porta-300x300.jpg 300w, https://raizespentecostais.com.br/wp-content/uploads/2024/10/pr-paul-porta-150x150.jpg 150w, https://raizespentecostais.com.br/wp-content/uploads/2024/10/pr-paul-porta-768x768.jpg 768w, https://raizespentecostais.com.br/wp-content/uploads/2024/10/pr-paul-porta.jpg 1080w" sizes="(max-width: 1024px) 100vw, 1024px" />				</div><!-- .profile-header END -->
			

				<div class="profile-body">
					
					<h2 class="profile-title">
											Pr. Paul Francis Porta										</h2>
					<p class="profile-designation"></p>
										<p class="profile-content">Paul Francis Porta é Pastor das Assembléias de Deus na Austrália. Sentindo o chamado de Deus para o Brasil, ele e sua esposa Ruth, chegaram ao nosso país em 1984. O Missionário Paul Porta dedicou três décadas ao desenvolvimento da eduação teológica no Brasil, vindo a atuar como Deão Acadêmico da FAETAD. Atualmente, ele é o Reitor da Faculdade Teológica Monte Tabor, na Austrália, uma das instituições de ensino bíblico mais relevante da Oceania.</p>
									</div><!-- .profile-body END -->

									<div class="profile-footer">
						<ul class="ekit-team-social-list">
			<li class="elementor-repeater-item-7180e99">
			<a href="https://facebook.com" aria-label="Facebook">
				<i aria-hidden="true" class="icon icon-facebook"></i>			</a>
		</li>
			<li class="elementor-repeater-item-43f7970">
			<a href="https://facebook.com" aria-label="Instagram">
				<i aria-hidden="true" class="icon icon-instagram-1"></i>			</a>
		</li>
	</ul>
					</div>
									</div>
							
			
				</div>				</div>
				</div>
					</div>
				</div>
		<div class="elementor-element elementor-element-bd8aabd e-flex e-con-boxed e-con e-parent" data-id="bd8aabd" data-element_type="container" data-e-type="container">
					<div class="e-con-inner">
				<div class="elementor-element elementor-element-d699ac5 elementor-grid-eael-col-3 elementor-grid-tablet-eael-col-3 elementor-grid-mobile-eael-col-1 elementor-widget elementor-widget-eael-post-grid" data-id="d699ac5" data-element_type="widget" data-e-type="widget" data-settings="{&quot;eael_post_grid_columns&quot;:&quot;eael-col-3&quot;,&quot;eael_post_grid_columns_tablet&quot;:&quot;eael-col-3&quot;,&quot;eael_post_grid_columns_mobile&quot;:&quot;eael-col-1&quot;}" data-widget_type="eael-post-grid.default">
				<div class="elementor-widget-container">
					<div id="eael-post-grid-d699ac5" class="eael-post-grid-container">
            <div class="eael-post-grid eael-post-appender eael-post-appender-d699ac5 eael-post-grid-style-one" data-layout-mode="masonry"><article class="eael-grid-post  eael-post-grid-column eael-pg-post-2012 category-categorias-teologia-doutrinas" data-id="2012">
        <div class="eael-grid-post-holder">
            <div class="eael-grid-post-holder-inner"><div class="eael-entry-media"><div class="eael-entry-overlay fade-in"><i class="fas fa-external-link-alt" aria-hidden="true"></i><a href="https://raizespentecostais.com.br/index.php/o-que-e-a-igreja/"></a></div><div class="eael-entry-thumbnail ">
                <img decoding="async" width="300" height="169" src="https://raizespentecostais.com.br/wp-content/uploads/2024/10/O-que-e-a-igreja-300x169.png" class="attachment-medium size-medium wp-image-3917" alt="" srcset="https://raizespentecostais.com.br/wp-content/uploads/2024/10/O-que-e-a-igreja-300x169.png 300w, https://raizespentecostais.com.br/wp-content/uploads/2024/10/O-que-e-a-igreja-1024x576.png 1024w, https://raizespentecostais.com.br/wp-content/uploads/2024/10/O-que-e-a-igreja-768x432.png 768w, https://raizespentecostais.com.br/wp-content/uploads/2024/10/O-que-e-a-igreja.png 1280w" sizes="(max-width: 300px) 100vw, 300px" />
            </div>
        </div><div class="eael-entry-wrapper"><header class="eael-entry-header"><h2 class="eael-entry-title"><a class="eael-grid-post-link" href="https://raizespentecostais.com.br/index.php/o-que-e-a-igreja/" title="O que é a igreja?">O que é a igreja?</a></h2></header><div class="eael-entry-content">
                        <div class="eael-grid-post-excerpt"><p>Por Pr. Paul Francis Porta Autor da EETAD e Reitor da Universidade Monte Tabor Há muitas definições da Igreja de...</p><a href="https://raizespentecostais.com.br/index.php/o-que-e-a-igreja/" class="eael-post-elements-readmore-btn">Leia Mais</a></div>
                    </div></div></div>
        </div>
    </article></div>
            <div class="clearfix"></div>
        </div>				</div>
				</div>
					</div>
				</div>
				</div>

<p>Pr. Paul Francis Porta Paul Francis Porta é Pastor das Assembléias de Deus na Austrália. Sentindo o chamado de Deus [&hellip;]</p>
